
13
Let a(s) = -s. Let x be ((-60)/(-9))/((-96)/216). Calculate a(x).
15
Let v(u) be the first derivative of u**4/4 - 7*u**3/3 - 3*u**2 - 16*u - 54. Let o be v(8). Let q(h) be the first derivative of h**2/2 - 5*h - 1. What is q(o)?
-5
Suppose 2*y + t = -2*t - 5, -t = -5*y + 30. Let m(h) be the second derivative of 22*h + 0 + 1/3*h**3 + 7/2*h**2 - 1/12*h**4. Give m(y).
-8
Let n(a) = -6*a**3 - 2*a**2 - 2*a + 2. Let q = 2836 - 2834. Give n(q).
-58
Suppose -2*p = 3*m - 31, 19 + 10 = 2*m + 3*p. Let i(b) = -13*b - 13*b**2 + 11*b**2 + 14*b + m*b**3. Suppose -2*x + 3 = x. Determine i(x).
6
Let a(h) = -75*h - h**2 + 1 + 41*h + 8 + 44*h. Suppose 17*d = d - 14*d + 330. Determine a(d).
-2
Let y = 7 + -14. Let a(t) = 8*t + 4 + 2093*t**2 - 2*t - 4203*t**2 + 2*t + 2111*t**2. Calculate a(y).
-3
Let b(d) = -2*d**2 + 2. Suppose h = -3*x + 1, 3*h - 3 - 9 = 0. Calculate b(x).
0
Suppose 8*b = -5 + 5. Suppose b = 5*n + 19*x - 20*x - 9, -3*n + 7 = -x. Let l(v) = -14*v**3 - v**2 + 2*v - 2. Calculate l(n).
-15
Let u(i) = 2. Let p(f) = 5*f + 57. Let w(q) = -2*p(q) + 6*u(q). Let d be w(-10). Let c(v) = 5*v**2 - v + 1. Give c(d).
23
Let u be ((-14)/21)/(2/(-24)). Let c = -5 + 7. Let i(r) = -3*r**2 + 3*r**2 - 9*r - 2*r**2 + 3*r**c + 10. Calculate i(u).
2
Let d(a) = -4 - 9*a**2 + 10*a - 66*a + 39*a**2 - a**3. Determine d(28).
-4
Let v(n) = -n**2 - 9*n + 5. Let f(t) = -2*t - 3. Let h(g) = -4*f(g) + v(g). Suppose 4*w + 11*c = 13*c - 14, w - 2*c - 1 = 0. Determine h(w).
-3
Let g(y) = -5*y. Let z = 304 - 262. Let o(a) = -a**2 + 40*a + 87. Let t be o(z). Give g(t).
-15
Let s(n) = -n**2 - 8*n + 10. Suppose -54 = 4*r - 3*k, -27*k + 25*k = -5*r - 64. Determine s(r).
-38
Let a(t) be the third derivative of t**4/6 + 2*t**3/3 - t**2. Suppose -11*z + 5 + 39 = 0. Suppose -4*d = 4*m + d - 13, z*d - 35 = 5*m. What is a(m)?
-8
Let f(w) = w**3 - 6*w**2 + 3*w + 1. Suppose 30*j - 57 - 3 = 0. Suppose -4*x + 2*x = 18. Let r be (4*(-1)/j)/(3/x). What is f(r)?
19
Let j = 641 + -653. Let b(u) = -u**3 - 11*u**2 + 11*u - 17. Determine b(j).
-5
Let p(f) = 3*f**3 + 194*f**2 + f + 8. Let y(q) = -4*q**3 - 266*q**2 - q - 11. Let h(u) = 11*p(u) + 8*y(u). Give h(-5).
10
Let t(n) = 88349*n**2 - n - 88328*n**2 - 6 - 6*n. What is t(-1)?
22
Let n(x) = 3*x + 9. Let l(s) = s**2 + 6*s - 181. Let q be l(-17). Let t be 1*-2 - (3 - 23). Let m be q/(-4)*(t + -14). Calculate n(m).
-9
Let s(j) = 4*j**2 + 26*j - 16. Let n be 10/3*264/(-110). What is s(n)?
32
Suppose -x + 2*x + i = 4, -x + 3*i - 12 = 0. Suppose m - 30 = -29. Let y(s) = x*s + 4*s - m - 27*s**2 - s**3 + 28*s**2. Determine y(3).
-7
Let w = 6 - 4. Suppose 0 = -w*u - 11 - 5. Let d(g) = 2*g**2 + 29*g + 15. Let q(h) = -h**2 - 14*h - 7. Let r(x) = 6*d(x) + 13*q(x). Calculate r(u).
-1
Let v(w) be the third derivative of -w**4/12 - 2*w**3/3 - 90*w**2 - 5. Determine v(2).
-8
Let s(a) be the second derivative of a**7/840 - a**6/40 - a**5/60 + a**4/6 - 75*a**3/2 - 3*a + 19. Let b(f) be the second derivative of s(f). Calculate b(9).
-14
Let d(q) = 11*q + 6*q**2 + 0*q**2 - 7*q - 7*q - 21 + 26. Determine d(2).
23
Let p(i) = -18*i - 7. Let o(t) = -98*t - 42. Let b(d) = -5*o(d) + 28*p(d). Give b(0).
14
Let a(r) = -r**3 - 4*r**2 - r - 1. Let c be a(-4). Let q(n) be the second derivative of n**4/12 - n**3/6 - n**2/2 + 7978*n. Calculate q(c).
5
Let l(y) = -y**3 + 16*y**2 - y + 13. Let j(u) = -u**2 + 14*u - 3. Let c be j(11). Suppose c*q = 12*q + 288. Determine l(q).
-3
Let x(k) = -2*k**2 + 3*k - 2. Suppose -16*o + 8 = 4*n - 20*o, 5*n = -3*o + 34. Suppose -9*p = -31 - n. Calculate x(p).
-22
Let w(b) = -b**3 + b**2 + b + 1. Let d(o) = -5*o**3 + 11*o**2 + o - 1. Let u = 83 + -82. Let n(y) = u*d(y) - 6*w(y). Suppose 4*l + 12 + 12 = 0. What is n(l)?
-13
Let j(v) = 4*v + 4*v - 5*v - 5*v + 734 - 728. Give j(17).
-28
Let k(j) be the second derivative of j**3/2 - 28*j**2 - 1871*j. Calculate k(18).
-2
Let c(a) = 21*a + 2. Let u(g) = 22*g + 3. Let j(z) = 5*c(z) - 4*u(z). Let x(k) = 4328*k - 8658. Let m be x(2). Calculate j(m).
-36
Let i(h) = -h**3 + 5*h - 10. Let a(f) = 4*f**3 + 3*f**2 - 16*f + 31. Let m(t) = -2*a(t) - 7*i(t). Give m(-6).
26
Let c = 5261 + -5271. Let x(f) be the second derivative of -f**4/12 - 3*f**3/2 + 11*f**2/2 + 2*f. Give x(c).
1
Let u be ((-168)/(-88) + -3)/((16/22)/(-4)). Let l(p) = -5 + 4*p - 1 - 7. Determine l(u).
11
Suppose 0*y = y + 5. Let m(r) = 8*r**2 - 28*r - 13. Let o(s) = 5*s**2 - 15*s - 7. Let d(p) = 3*m(p) - 5*o(p). What is d(y)?
16
Suppose 5*f = -2*f + 21. Suppose 0 = -5*s, s + 0*s - 69 = -f*a. Suppose -10*d - a - 7 = 0. Let b(i) = -i - 5. Determine b(d).
-2
Let j(c) = 19*c**2 - 76*c - 7. Let p be j(4). Let a(q) = -2*q**2 - 9*q + 2. What is a(p)?
-33
Suppose 0 = -5*f + 3*f + 3*c - 6, 0 = -5*f - 2*c - 34. Let p(r) = -2*r**3 - 10*r**2 + 7*r - 9. Give p(f).
21
Let m(f) = -503*f + 512*f - 1 - 9 - 1. Determine m(2).
7
Let o(b) = -84*b + 537. Let s(c) = -49*c + 268. Let t(r) = -4*o(r) + 7*s(r). Determine t(-39).
1
Let c(z) be the first derivative of -z**3/3 + 3*z**2 + 6*z + 42. Let u be (-44)/(-6) - (-180)/(-135). What is c(u)?
6
Let z = 208 + -209. Let y(j) be the first derivative of -13/2*j**2 + 0*j - 13. Determine y(z).
13
Let v(o) = o - 3 - 10 + 9 - 10*o + 5*o. Suppose 2*w - 12 = -w. Calculate v(w).
-20
Let g(i) = i - 7. Let n(z) = -8*z - 12 + 6*z + 4*z - 2. Let w(x) = -11*g(x) + 6*n(x). Let y be (-2)/(-12) + (-940)/(-120). Determine w(y).
1
Let q(v) = 2*v**3 - 23*v**2 + 35*v - 58. Let i be q(10). Let k(p) = -p**2 - 15*p + 6. Give k(i).
62
Let h(d) = -12 + 2*d**2 - 2*d**3 - 2 + 10*d**3 + 13. Suppose 2 + 68 = 7*r. Let o = 11 - r. Determine h(o).
9
Suppose 0 = -28*k + 8*k + 60. Let a(v) be the first derivative of -v**4/4 + v**2/2 - v - 186. Determine a(k).
-25
Let w(a) = -11 - 9*a**2 - 9*a**2 + 50*a - 2*a**2 + a**3 - 14*a**2 - 16*a. What is w(33)?
22
Let x(z) = -z**3 + 7*z**2 + 10*z + 21. Let w be x(9). Let l = -47 - w. Let i be l/14 - 37/7. Let v(f) = -f**3 - 4*f**2 + 6*f + 3. What is v(i)?
-2
Let c be ((0 - 1) + 139)*(-4)/(-8). Suppose -11*p = 8 + c. Let f(j) = j + 4. Give f(p).
-3
Let t(b) = b**2 - 30*b + 62. Let a be t(28). Suppose -8*v + 48 = -4*v. Suppose a*i - v*i - 18 = 0. Let o(h) = -5*h - 4. Calculate o(i).
11
Let p(i) = -i**2 - i - 1. Let b(m) be the first derivative of m**4/4 + 38*m**3/3 + 19*m**2 + 40*m - 18. Let r be b(-37). What is p(r)?
-13
Let m(i) = -i**3 - i**2 - i + 9. Suppose 48*t = 44*t. Suppose t = -3*f + 6*f + 45. Let k = f + 15. Give m(k).
9
Let r(p) = -p**3 - 35*p**2 - 65*p + 33. Let x(j) = j**3 - 8*j**2 + 9*j - 3. Let a be x(5). Give r(a).
0
Let g be (-2)/(-5) - (-10864)/140. Let t be 3/(-2) - (g/(-12) - 5). Let c(f) = f**3 - 11*f**2 + 15*f - 4. Determine c(t).
46
Let m(t) = -t**2 - 146*t - 1482. Let l be m(-11). Let j(f) = -12*f - 1. Calculate j(l).
-37
Let o(j) = 18*j**2 - 38*j + 47. Let a(r) = -11*r**2 + 19*r - 28. Let l(g) = -5*a(g) - 3*o(g). What is l(-15)?
-61
Let i(l) = -2*l**2 + 16*l + 6. Let x be i(8). Let k be 53/(-5) - (x - (-224)/(-40)). Let r(o) = -o**3 - 12*o**2 - 13*o - 14. Determine r(k).
8
Let y(g) = -17*g**3 - g**2 + 13*g - 9. Let u(j) = 19*j**3 + 2*j**2 - 14*j + 10. Let o(a) = 8*u(a) + 9*y(a). Determine o(7).
34
Let r(t) = 118*t**2 + 2. Let w(f) = 121*f**2 + 17*f + 5. Let z(k) = -r(k) + w(k). What is z(-3)?
-21
Suppose x + 0*d + d = -45, -3*d = 4*x + 175. Let t = x - -42. Let o(v) = -2*v**2 + 3*v**2 - 2 + t + 12. Give o(0).
12
Let m(q) be the second derivative of 2*q**3 + q**2/2 + 3*q. Suppose 5*b - 10 = -l, 3*l = -11*b + 6*b + 10. Give m(b).
25
Let z(y) = y**3 - 3*y**2 - 4*y + 2. Let n = -30 - -32. Suppose -3*p - r + 14 = 0, 3*p + n*r - 20 = -p. What is z(p)?
2
Let r = 11 + -7. Let y(d) = 267 - 47*d**3 + 259 + 5*d**2 + 2*d - 527 + 46*d**3. Determine y(r).
23
Let s be 0 + 4 + 693/(-77). Let k(a) = 5*a + 6. Give k(s).
-19
Suppose -4*n + 4*k + 3 = -9, -2*n - 2*k - 2 = 0. Let y(c) = c**3 + c - 2. Let w(b) = b**3 + 7*b**2 + 10*b. Let p(q) = n*w(q) - 2*y(q). Determine p(8).
4
Let y be 3 - (5 - -4) - -13. Let a(k) = -k**2 - 2*k + y - 25 - 6*k + 3 + 8. Give a(-5).
8
Let g be (-4)/(-6) - (2/3 + -3). Let i = 75 + -73. Let l(a) = -2*a**i - a + 20*a**3 - 9*a**3 + 1 - 10*a**3. Determine l(g).
7
Suppose 7*z + 3*z - 609 = -77*z. Let v(r) be the first derivative of -7/2*r**2 - z + 1/3*r**3 - 8*r. Calculate v(8).
0
Let 